 Let x be h(4). What is the tens digit of t(x)?
2
Let k be (-3)/1*176/(-12). Let f = -11 + k. What is the tens digit of f?
3
Suppose -4*r - 5*x + 16 = 0, -r - 5*x = -3 - 1. What is the units digit of r?
4
Suppose -c = 5*f - 30, -c = 2*c - 2*f - 5. Suppose 4*o = 5*p - 9, o = -c*p + 2*p + 19. What is the units digit of p/((2 + 0)/2)?
5
Let b = 11 - 15. Let u = b - -12. Suppose -u = -3*p + 49. What is the units digit of p?
9
Suppose -4*y = 3*s - 4, -4*s + y - 3*y + 2 = 0. Let w(o) = o + 22. Let d be w(s). Suppose 0 = 2*x - 0*x - d. What is the tens digit of x?
1
Let l(w) = -w**2 - 10*w - 13. Let u be l(-9). Let z(t) = -t**2 - 5*t + 3. What is the units digit of z(u)?
7
Let x(m) = 6*m - 14. What is the tens digit of x(10)?
4
Let b(l) = 6*l - 4. Let d be b(-5). Let o = -24 - d. Let j = 7 + o. What is the units digit of j?
7
Suppose 0 = -7*s + 219 + 768. What is the hundreds digit of s?
1
Let t = 21 + -4. What is the units digit of t?
7
Let j(i) = 3*i - 1. Let q be j(1). Let a(d) = -2*d + d + q*d. What is the units digit of a(4)?
4
What is the units digit of (200/(-14))/((-6)/21)?
0
Let q(b) = 7*b**2 - 12*b + 5. What is the units digit of q(-6)?
9
Suppose 3*y - 80 = -y. Suppose 0*f = -f + y. What is the tens digit of f?
2
What is the units digit of 270 + 6/(24/20)?
5
Suppose -5*v - 43 = -5*o + 122, 4*o - 177 = -5*v. What is the tens digit of 396/14 + o/(-133)?
2
Suppose -4*q - g = -11, q + q = -2*g + 4. What is the tens digit of 13 - (1 - 6/q)?
1
Let d(j) = -23*j - 31. What is the units digit of d(-8)?
3
Let f be (-6)/2 - 0 - 19. What is the units digit of f/(-4) + (-2)/4?
5
Let l be ((-48)/(-20))/(3/10). Let b(o) = 2*o - 10. What is the units digit of b(l)?
6
Let a(v) = 7*v**2 - 6*v + 3. What is the tens digit of a(3)?
4
Let k be 6/2 - 14/7. What is the units digit of ((-44)/16 + k)*-20?
5
Let j(v) = 7*v**2 - 11*v + 6. What is the tens digit of j(4)?
7
Suppose 2*o + 3*y = -y + 472, o = -y + 240. What is the units digit of o?
4
What is the units digit of ((-93)/6)/(2/(-12))?
3
Let j(y) = 10*y**2 - 3*y - 2. What is the units digit of j(-2)?
4
Let c(h) = h**2 + 9*h. Let b(k) = -k. Let r(x) = -3*b(x) + c(x). What is the tens digit of r(-13)?
1
Let p = -34 - -71. What is the units digit of p?
7
Suppose 4*d + 16 = -0. What is the units digit of -2 - d - (1 - 1)?
2
Suppose 0 = -3*k, -4*a = 5*k - 32 - 96. What is the units digit of a?
2
Let c = 465 - 56. What is the hundreds digit of c?
4
Suppose 21 + 59 = 5*f. What is the tens digit of f?
1
Suppose -h - 5*d - 9 = 2*h, -3*h + 2*d = -12. Suppose 32 = -h*w + 6*w. What is the units digit of w/10*5/2?
2
Let l = -51 + 69. What is the units digit of l?
8
Let x = -9 + 7. Let q(s) = 2*s**2 - 2*s - 3. Let m be q(x). Suppose 5*r + 4 = r, -v = -5*r - m. What is the units digit of v?
4
Let u(t) = -t**3 - 3*t**2 + 5*t + 5. What is the units digit of u(-4)?
1
Suppose -5*z + 14 = -1. Let a(d) = 2*d**2 + z*d**2 - 2 + 1 + d. What is the units digit of a(1)?
5
Let u(c) = c**2 + 6*c + 15. Let l be u(-10). What is the units digit of (-10)/l - 57/(-11)?
5
Let a(z) be the second derivative of 2*z**3/3 + 3*z**2 + z. Let j be a(-4). Let c = 16 + j. What is the units digit of c?
6
Let n(p) = p**3 - 3*p**2 + 4*p + 1. Let u = -3 + 6. What is the units digit of n(u)?
3
Let j(z) be the third derivative of z**5/30 + z**4/6 - 3*z**2. Let d = -2 - 1. What is the units digit of j(d)?
6
Suppose 4*i = -4*h - 8, -19 = -3*i - 4. Let u(n) = n**3 + 6*n**2 - 8*n - 1. What is the units digit of u(h)?
6
Suppose 4 = 4*n - 3*n. Suppose n*j = -0*j + 28. Suppose 17 = 5*q + j. What is the units digit of q?
2
Let j = -19 + 45. What is the units digit of j?
6
Let k = -7 + 10. What is the units digit of 37 - (k - -1 - 2)?
5
Let i(j) = j**3 + 6*j**2 + 3*j - 5. Suppose 4*y - 4 = 3*v, y = 5*v - 3*y - 4. Suppose -2*q + v*q = 5*h - 30, -q + 4*h - 21 = 0. What is the units digit of i(q)?
5
Let b(j) = j**3 + 9*j**2 + 8*j + 3. Let k be b(-8). Let n be (-5)/(-7) - 2/(-7). Suppose -k*v = -7 + n. What is the units digit of v?
2
Let c(v) = -5*v - 2 + 3 - 5*v**2 + v**2 - v**3. What is the tens digit of c(-4)?
2
What is the units digit of (-9)/(-2)*(1 + 5/5)?
9
Let k = 99 - 62. What is the units digit of k?
7
Let d = -41 - -84. What is the units digit of d?
3
Suppose -47*w + 48*w - 336 = 0. What is the tens digit of w?
3
Let f = -7 + 12. Let j = 7 - f. Suppose 2*m - 16 = -j. What is the units digit of m?
7
Let f(x) = -2*x**2 - 6 - x + x**2 + 2*x. Let c be f(0). What is the units digit of 3/c + (-30)/(-4)?
7
Suppose -22*d + 23*d = 130. What is the hundreds digit of d?
1
Suppose y = 6 + 2. What is the units digit of y?
8
What is the tens digit of (-6 + 63/7)*1*109?
2
Suppose 5*j + 5*z + 235 - 1520 = 0, 0 = 4*j + 3*z - 1030. What is the units digit of j?
9
Let p be (-1 - 0)*(4 + -3). Let b = 4 - p. What is the units digit of b?
5
Let f(j) = -12*j**2 - 9*j + j**3 - 5 + 7*j**3 - 7*j**3. What is the units digit of f(13)?
7
Let d(t) = -5*t**3 + 3*t**2 + 3*t + 1. What is the units digit of d(-2)?
7
What is the tens digit of 6510/80 - 3/8?
8
Let u(x) = 13*x - 1. Let b(a) = -12*a + 2. Let c(z) = 4*b(z) + 3*u(z). Let y(m) = 4*m - 2. Let f(g) = 3*c(g) + 7*y(g). What is the units digit of f(6)?
7
Let y be (-1 - 0) + -1 + -9. Let j = y - -15. Let l(q) = q**2 - 3*q - 3. What is the units digit of l(j)?
1
Suppose -4*z + 201 = 2*y + y, 3*z + y = 157. What is the tens digit of z?
5
Suppose -f = -3*f - 3*g + 60, 4*g = 0. What is the tens digit of f?
3
Let l be (-18)/5 - 3/(-5). What is the units digit of (-3)/(l/15*1)?
5
Let w be 0/((-6)/(-2)) - -1. Let o(i) = 12*i. What is the tens digit of o(w)?
1
Let o be (-2*5)/(4/(-2)). Suppose o*c + 7 = 3*y + 6*c, 4*y - 31 = 3*c. What is the units digit of (4 + -2)/(1/y)?
8
Suppose 7*d = 2*d. Suppose 5*x + 4*j = 9*x + 4, d = -5*x + 3*j + 3. What is the units digit of x?
3
Suppose 17*k = 18*k - 79. What is the units digit of k?
9
Suppose 0 = -0*p + 4*p - 56. Let l = p - -1. Suppose -3*v = 5*x - 14, 4*v - l = -5*x + 7. What is the units digit of v?
8
Suppose -w + r = 4*r - 31, -2*w + 52 = -4*r. What is the units digit of w?
8
Let k(w) = 3*w**2 - 1. Let o be k(-1). Let u = 21 + -11. Suppose -3*q = -o*q - 1, -3*v = -2*q - u. What is the units digit of v?
4
Let s be 4/10 + (-207)/(-45). Suppose -1 - s = m. Let k = 17 - m. What is the tens digit of k?
2
Suppose 0 = q + 1 - 3, -5*q = -u - 14. Let w = -1 - u. What is the units digit of w?
3
Let t = 167 + -63. Suppose 3*v - t + 8 = 0. What is the units digit of v?
2
Let r = -1 + -1. What is the units digit of 15/r*(-16)/10?
2
Suppose 4*i = 3*i + 2. Let s be (i/(-2))/(3/(-21)). Let k = -5 + s. What is the units digit of k?
2
What is the units digit of 5/(-10)*8 - -91?
7
Let s be (-1 - -6)*14/(-35). Let w be ((-6)/9)/(s/12). Suppose 0 = 5*u + w - 44. What is the units digit of u?
8
What is the units digit of 83 - (-2 + 3 - 3)?
5
Let m be 68/(-3)*6/(-4). Let l = 50 - m. What is the tens digit of l?
1
Suppose -58 = s - 2*s. Let k = -32 + s. What is the tens digit of k?
2
Suppose 0 = 4*m - 3*m. Suppose q = 2 - m. Let i = 0 + q. What is the units digit of i?
2
Let p(h) = -h - 1. Let q be p(-1). Suppose -5*k - 2*s - s + 56 = q, 4 = 2*s. What is the tens digit of k?
1
Suppose -2*t = -5*z - 14, -5*t = -t + z - 50. What is the units digit of t?
2
Suppose -3*v = -6, 0 = -3*x - 4*v + 2*v + 115. Let p = -90 + x. What is the units digit of 8/44 + p/(-11)?
5
Let r(x) = -5*x + 8*x - 2*x - 2*x**2. Let o be r(-4). What is the units digit of (-8)/o - 480/(-27)?
8
Let l be (3 + -5)*(-22)/4. Let a = l + -5. What is the units digit of a?
6
Let r = -30 - -93. Suppose -v + 12 - 41 = -s, 3*v = -3*s + r. What is the tens digit of s?
2
Let j(c) = -c**2 + 13*c + 3. Let i(u) = 4*u**2 - 39*u - 10. Let h(n) = -2*i(n) - 7*j(n). What is the units digit of h(-11)?
1
Let h be 3 - (-16 + (-2 - 0)). Suppose -3*m + h = -0*m. What is the units digit of m?
7
Let l(k) = -k**2 + 7*k + 1. Let g be l(6). Suppose c - 9 = g. Let r = c + -7. What is the units digit of r?
9
Let x(b) = -20*b**3 - 2*b + 1. Let w be x(1). Let d = 33 + w. What is the tens digit of d?
1
Let u be (16/6)/((-6)/(-27)). What is the units digit of 69/u + (-2)/(-8)?
6
Let n(i) be the third derivative of i**6/360 - i**5/30 + i**4/12 - i**3/3 + i**2. Let r(v) be the first deriva